et p = -12 + o. Let d(m) = 2*m - 1. Determine d(p).
-3
Suppose -2*p - 3 = f, 2*p - 8 + 1 = -3*f. Suppose 0 = 2*u + u + f*h - 14, 7 = 2*u + h. Let n(d) = -d - 3*d + 1 + 2 - 2*d**2 + 7*d**2 - d**u. Determine n(4).
3
Let c(g) = 7 - 3 - 2*g + 4. Let n be c(7). Let a(m) = -m**2 - 6*m + 6. Determine a(n).
6
Suppose -4*t - 20 = -4*b, 2*b + 4 = -3*t - 1. Let m be (1/(-2))/(5/(-20)). Let k(i) = 37 + 2*i**2 - 2*i - 35 - 3*i**m. What is k(t)?
-1
Suppose -z + 9 + 0 = 0. Let t(b) = -b + 9. Determine t(z).
0
Let j(l) = -l**2 - 8*l - 5. Let s be j(-8). Let z(x) be the second derivative of x**5/20 + x**4/2 + 2*x**3/3 - 2*x**2 + 3*x. What is z(s)?
1
Suppose 0 = -d + b + 5, -3*b - 13 = -d + 2*b. Let g(x) = x**d + 3*x + 3*x**3 - 2*x + x**2. Suppose -3*u = 2*z - 3, u - 5 = 2*z - 4*z. Determine g(u).
-4
Let c(b) = 3*b**2 + 8*b - 1. Let t(v) = -33*v - 7*v**2 + 4 + 16*v - 2. Let h(p) = -5*c(p) - 2*t(p). Calculate h(-5).
6
Let x(h) = h - 5. Let y(q) = 0 - 2 - 2 - q. Let a be y(-5). Let s be (4/(-6))/a*6. What is x(s)?
-9
Let c(f) = 3*f - 9. Let h(a) = 2*a**2 + a - 4. Let u be h(2). Give c(u).
9
Let u(z) = -z**3 - 4*z + 2. Let j be (1/(-2))/((-7)/42). Give u(j).
-37
Let v(u) be the second derivative of u**5/20 - u**3/3 + u**2/2 + u. Let g be (-1)/3 - 1/(-3). Suppose 4*m = -4*a + 28, 5*m - 4*a + 10 + g = 0. Determine v(m).
5
Let w(b) = 2*b**3 + b. Suppose 3*f - 2*f - 2 = 0. Suppose 0 = f*r + 3*r - 4*i - 21, 0 = -4*r + 5*i + 24. Give w(r).
3
Let u be ((-3)/2)/((-1)/(-2)). Let w be -5 + (-1 - u/1). Let d = 2 + w. Let y(f) = -10*f**2 - 2*f - 1. Determine y(d).
-9
Let s(t) be the second derivative of t**3/6 - 5*t**2/2 - 5*t. Give s(0).
-5
Let y(i) = i + 6. Let v(m) = 1. Let d(a) = 5*v(a) - y(a). Let l(g) = -4*g - 2. Let z(u) = 7*d(u) - 2*l(u). Determine z(6).
3
Let z(y) = 1 + 4*y**2 - 3*y + 2 - 2 - 2*y**3. Suppose 7 = -5*n + 17. Give z(n).
-5
Suppose -3 + 4 = p. Let s(j) = 9*j - 1. What is s(p)?
8
Let d(r) = -r**2 + 7*r. Let i = 2 - -3. Let m be d(i). Suppose 2*l - 2*y - 2 - m = 0, -l + 3*y = -12. Let x(q) = q**3 - 4*q**2 + 2. Determine x(l).
-7
Let d be 3/(-18) - 2/(-12). Let j(l) = -l**2 - 5*l + 2. Let g be j(-4). Let x(o) = -2 - o - 4 + g. Give x(d).
0
Suppose y + 7 = 2*w, -y - 6 - 11 = -4*w. Suppose -4*c = -3*l - 29, y*l + 2*c + 1 = 2. Let r(j) = -2*j - 1. Give r(l).
5
Let c(m) = 9*m - 1. Let g(v) = -v - 1. Let r be g(-1). Suppose r = -h - 3 + 4. What is c(h)?
8
Let i(u) be the first derivative of u**2/2 + 3*u + 3. Suppose y = -2*y + b - 14, -4*y - 2*b - 2 = 0. Give i(y).
0
Let m(o) be the first derivative of 0*o**2 + 1 + 1 - o**3 - o**2 - 5*o. Let d(y) = 16*y**2 + 10*y + 26. Let s(g) = 2*d(g) + 11*m(g). Give s(-4).
-11
Let x(i) = -i + 3. Let w(o) = -o + 2. Suppose -5*z = 3*p - 4*z - 10, -3*p = -2*z - 16. Let y(q) = p*w(q) - 3*x(q). What is y(-3)?
2
Let d(c) = 6*c**2 - 9 + 5*c - 5*c**2 + 13. What is d(-4)?
0
Let o(k) = -k**2 - 4*k + 5. Let a be 1/(34/11 + -3). Suppose 5*y + 19 = -a. What is o(y)?
-7
Let q be (4/(-12))/(3/9). Let t(f) = -4*f**2 + f. Calculate t(q).
-5
Let x(q) = 2 - 7 + 12*q + 4 + 2. Give x(-1).
-11
Suppose -2*f = 2*v - 12, -5*f - v = 3*v - 27. Suppose 0 = f*a + 2 - 8. Let z(t) = -t + 4*t + t. Give z(a).
8
Let f(o) = 7*o + 6*o - 5*o - o - 9. Let b(x) = -4*x + 5. Let v(k) = -10*b(k) - 6*f(k). Calculate v(4).
-4
Let q(l) be the second derivative of l**3/2 + 20*l. Calculate q(-8).
-24
Let w be (-20)/50 - 37/(-5). Let l(q) = -q**2 + 5*q + 3. Give l(w).
-11
Let w(t) = -2*t**2 + 2*t + 4. Suppose 5*g = 3*g - 2. Let h be g/(1*(-3)/36). Suppose 5*y - 3 = h. What is w(y)?
-8
Let i(q) = 3*q**3 - 4*q**2 - q + 3. Suppose 0 = 2*a + 3*b - 5, -5*a + 3*b - 14 = 5. Let u(o) = 3*o**3 - 3*o**2 - o + 2. Let y(p) = a*i(p) + 3*u(p). Give y(-1).
-3
Suppose -18 = -r - 4*f, -2*r + 0*r - 4*f + 16 = 0. Let d = r + 7. Let l(h) = -h + 1. Let x(b) = -10*b + 10. Let u(p) = -22*l(p) + 2*x(p). Determine u(d).
8
Let y(w) be the second derivative of -w**7/2520 + w**6/240 + w**5/120 + w**4/6 + 5*w. Let f(g) be the third derivative of y(g). Determine f(4).
-3
Let g(q) = -7*q + 0*q**3 + 2*q**3 - 4*q**3 - 10 - 8*q**2 + 3*q**3. Determine g(9).
8
Let j(w) = w - 1. Let t be ((-2)/4)/(7/(-84)). Determine j(t).
5
Let a(m) = -m**3 - 8*m**2 - 6*m + 9. Let n be 7/(-3 - (-5 + 3)). Give a(n).
2
Let x(f) = f**3 + 12*f**2 + 12*f + 10. Let j(w) = -w**3 - 6*w**2 - w + 9. Let y be j(-5). Calculate x(y).
-1
Let v(s) = 0*s**2 + 8 - 8*s - 6*s**2 + s**3 + 0*s**2. Give v(7).
1
Let l(n) be the second derivative of -1/20*n**5 + 0 - n - 3/2*n**2 + 2/3*n**3 - 1/4*n**4. What is l(-4)?
-3
Let b(t) be the second derivative of -t**6/360 - t**5/120 + t**4/8 - t**3/2 + 3*t. Let j(o) be the second derivative of b(o). What is j(-3)?
-3
Let v(f) = -f**2 + 7*f**2 + f + f**2 + 0*f**2. Give v(1).
8
Let s(y) be the second derivative of -y**5/20 - y**4/2 + y**3/6 + 3*y**2 - 4*y. What is s(-6)?
0
Suppose -4*h + h + 3 = 0. Let r(y) = -8*y**3 - y**2 + y. Give r(h).
-8
Let v(x) be the first derivative of x**2 + 4*x - 31. What is v(-3)?
-2
Let y(b) be the second derivative of 1/3*b**3 - b + 0*b**2 + 1/40*b**5 + 0 - 1/4*b**4. Let a(c) be the second derivative of y(c). What is a(5)?
9
Suppose 4*c + 44 = 3*j, 4*j - 29 = c + 8. Suppose -3*n - j = -5*n. Let p(s) = -s - 2*s + 0*s + 6. Calculate p(n).
-6
Let o(f) = 13*f**3 + 19*f**2 - 11*f - 19. Let p(s) = -7*s**3 - 10*s**2 + 6*s + 10. Let j(m) = 6*o(m) + 11*p(m). Give j(-4).
-4
Let i(q) be the third derivative of q**7/2520 + q**6/144 - q**5/60 - q**4/12 - 3*q**2. Let y(w) be the second derivative of i(w). Give y(-5).
-2
Let i(c) = c**2 - 4*c + 1. Let r(o) = o**3 + 7*o**2 - 9*o - 5. Let p be r(-8). Determine i(p).
-2
Let j(c) = 27*c + 1 - 2 - 26*c. Give j(5).
4
Let y(u) be the second derivative of -1/2*u**2 - 5/6*u**3 + 1/20*u**5 - u + 1/4*u**4 + 0. Let f(r) = -r**3 - 9*r**2 - 4. Let l be f(-9). Calculate y(l).
3
Let a(p) = -20*p**3 + p**2. Suppose m + 9 = i - 4*m, 2*i = 2*m + 2. Determine a(i).
21
Let h = -4 - -7. Suppose 2*p + 14 = -h*c, c - 2*p = -p + 2. Let x(n) = -2*n + 1. Determine x(c).
5
Let p(c) = -3*c - c + c - 3 - 3. What is p(-5)?
9
Let g(t) = t**2 + 11*t + 33. Let l be g(-5). Let n(p) be the first derivative of p**2 - 5 + 1/4*p**4 - 4/3*p**l - 3*p. What is n(3)?
-6
Let y(t) be the first derivative of t**3/3 - 2*t**2 - 5*t - 11. Give y(4).
-5
Let j be (-1 - 0) + -3 + 4. Suppose 5*g + 2 - 7 = j. Let l(c) = g - 5*c + 5 + 3*c. Calculate l(5).
-4
Let u(m) = -3*m**2 + 3*m + 0 + 4*m**2 - 2. Determine u(-3).
-2
Let p(y) = -y**2 - 5*y - 2. Let n(k) = k**2 - 4*k - 3. Let r be n(4). Let z = -2 + r. Calculate p(z).
-2
Let y(n) = -n**2 - 2*n. Let j(g) = 3*g**2 + 18*g + 14. Let a(q) = -j(q) - 4*y(q). Calculate a(11).
-3
Suppose 3*q + 9 = -3*x - x, -9 = 2*x + 3*q. Let k(n) be the third derivative of n**6/120 + n**5/60 - n**4/24 + 8*n**2. Determine k(x).
0
Let w be 2*(0 - (0 - 2)). Let f(o) = o + 4*o - w*o. What is f(6)?
6
Suppose 0 = 11*f - 14*f + 120. Suppose 5*i + f = -0*i. Let w(c) = c**2 + 8*c + 5. Determine w(i).
5
Let v(d) = d - 9. Let j be 1 + 7 + 2*(-7)/14. What is v(j)?
-2
Let b(l) = l**2 + 4*l - 1. Let h be (-8)/(-44) + 123/(-11). Let m = h + 6. Determine b(m).
4
Let i(k) = -3*k + 1. Suppose 4*o - 5 = -5*d + 7*o, 5*d + o - 5 = 0. Determine i(d).
-2
Let s = -8 - -8. Suppose -k + 4*k - 6 = s, -3*k - 2 = -4*l. Suppose 2 + 4 = l*p. Let v(h) = -h**2 + h. Give v(p).
-6
Let q be (-1)/2 - 2/(-4). Let y(o) = 2*o - 7*o**2 - o**3 + 5 + 0*o**3 + q*o**3 + o**2. What is y(-6)?
-7
Let c(o) = o**2 - 2*o + 1. Suppose -11 = 2*x - 4*x + 3*a, 2*x + 4*a = 4. Calculate c(x).
9
Let p(c) = -3*c**2 - c - 3. Let o(r) = -10*r**2 - 2*r - 9. Let k(l) = 2*o(l) - 7*p(l). Calculate k(-2).
1
Let m(r) = -r**3 - 6*r**2 - 3*r + 4. Suppose 2*i + 4*p = 4, 0*i - i - 7 = -p. Calculate m(i).
-16
Suppose -l - 3*w = -16, -l + 13 = 2*l + 2*w. Let x = l - -1. Let g(n) = 2*n - 5*n - n. Give g(x).
-8
Let l(u) = 5*u - 2. Let f be (3/2)/(3/16). Suppose 4 = 3*z - f. Suppose -22 = -p + 4*t, -t + z = p + 7. What is l(p)?
8
Let r(v) = 5*v - 1. Let n be r(1). Let u(q) be the first derivative of -4/3*q**3 - 13 + 1/4*q**4 - q**2 + 4*q. Calculate u(n).
-4
Let t be 34/8 + 2/(-8). Let d(i) = 3*i - 2. Let o(x) = -4*x + 2. Let h(v) = 3*d(v) + 2*o(v). Give h(t).
2
Suppose 0*h - f = 4*h - 19, -5*h + 3*f = -11. Let i(r) = -4*r**2 - 5 - 2*r**